{"id":187,"date":"2015-03-05T11:19:46","date_gmt":"2015-03-05T11:19:46","guid":{"rendered":"http:\/\/julusesgabor.hu\/?page_id=187"},"modified":"2015-03-05T11:57:36","modified_gmt":"2015-03-05T11:57:36","slug":"nagy-utazas","status":"publish","type":"page","link":"http:\/\/julusesgabor.hu\/?page_id=187","title":{"rendered":"Nagy utaz\u00e1s!"},"content":{"rendered":"<div id='gallery-1' class='gallery galleryid-187 gallery-columns-4 gallery-size-thumbnail'><figure class='gallery-item'>\n\t\t\t<div class='gallery-icon landscape'>\n\t\t\t\t<a href='http:\/\/julusesgabor.hu\/wp-content\/uploads\/Veszpr\u00e9m.jpg'><img width=\"150\" height=\"150\" src=\"http:\/\/julusesgabor.hu\/wp-content\/uploads\/Veszpr\u00e9m-150x150.jpg\" class=\"attachment-thumbnail size-thumbnail\" alt=\"\" loading=\"lazy\" aria-describedby=\"gallery-1-186\" \/><\/a>\n\t\t\t<\/div>\n\t\t\t\t<figcaption class='wp-caption-text gallery-caption' id='gallery-1-186'>\n\t\t\t\tVeszpr\u00e9m\n\t\t\t\t<\/figcaption><\/figure><figure class='gallery-item'>\n\t\t\t<div class='gallery-icon landscape'>\n\t\t\t\t<a href='http:\/\/julusesgabor.hu\/wp-content\/uploads\/Velencei-t\u00f3.jpg'><img width=\"150\" height=\"150\" src=\"http:\/\/julusesgabor.hu\/wp-content\/uploads\/Velencei-t\u00f3-150x150.jpg\" class=\"attachment-thumbnail size-thumbnail\" alt=\"\" loading=\"lazy\" aria-describedby=\"gallery-1-185\" \/><\/a>\n\t\t\t<\/div>\n\t\t\t\t<figcaption class='wp-caption-text gallery-caption' id='gallery-1-185'>\n\t\t\t\tVelencei-t\u00f3\n\t\t\t\t<\/figcaption><\/figure><figure class='gallery-item'>\n\t\t\t<div class='gallery-icon landscape'>\n\t\t\t\t<a href='http:\/\/julusesgabor.hu\/wp-content\/uploads\/Tata-e1425552009203.jpg'><img width=\"150\" height=\"150\" src=\"http:\/\/julusesgabor.hu\/wp-content\/uploads\/Tata-e1425552009203-150x150.jpg\" class=\"attachment-thumbnail size-thumbnail\" alt=\"\" loading=\"lazy\" aria-describedby=\"gallery-1-184\" \/><\/a>\n\t\t\t<\/div>\n\t\t\t\t<figcaption class='wp-caption-text gallery-caption' id='gallery-1-184'>\n\t\t\t\tTata\n\t\t\t\t<\/figcaption><\/figure><figure class='gallery-item'>\n\t\t\t<div class='gallery-icon landscape'>\n\t\t\t\t<a href='http:\/\/julusesgabor.hu\/wp-content\/uploads\/Siofok.jpg'><img width=\"150\" height=\"150\" src=\"http:\/\/julusesgabor.hu\/wp-content\/uploads\/Siofok-150x150.jpg\" class=\"attachment-thumbnail size-thumbnail\" alt=\"\" loading=\"lazy\" aria-describedby=\"gallery-1-183\" \/><\/a>\n\t\t\t<\/div>\n\t\t\t\t<figcaption class='wp-caption-text gallery-caption' id='gallery-1-183'>\n\t\t\t\tSi\u00f3fok\n\t\t\t\t<\/figcaption><\/figure><figure class='gallery-item'>\n\t\t\t<div class='gallery-icon landscape'>\n\t\t\t\t<a href='http:\/\/julusesgabor.hu\/wp-content\/uploads\/Roma_3.jpg'><img width=\"150\" height=\"150\" src=\"http:\/\/julusesgabor.hu\/wp-content\/uploads\/Roma_3-150x150.jpg\" class=\"attachment-thumbnail size-thumbnail\" alt=\"\" loading=\"lazy\" aria-describedby=\"gallery-1-182\" \/><\/a>\n\t\t\t<\/div>\n\t\t\t\t<figcaption class='wp-caption-text gallery-caption' id='gallery-1-182'>\n\t\t\t\tR\u00f3ma\n\t\t\t\t<\/figcaption><\/figure><figure class='gallery-item'>\n\t\t\t<div class='gallery-icon portrait'>\n\t\t\t\t<a href='http:\/\/julusesgabor.hu\/wp-content\/uploads\/P\u00e1rizs-e1425551948459.jpg'><img width=\"150\" height=\"150\" src=\"http:\/\/julusesgabor.hu\/wp-content\/uploads\/P\u00e1rizs-e1425551948459-150x150.jpg\" class=\"attachment-thumbnail size-thumbnail\" alt=\"\" loading=\"lazy\" aria-describedby=\"gallery-1-178\" \/><\/a>\n\t\t\t<\/div>\n\t\t\t\t<figcaption class='wp-caption-text gallery-caption' id='gallery-1-178'>\n\t\t\t\tP\u00e1rizs\n\t\t\t\t<\/figcaption><\/figure><figure class='gallery-item'>\n\t\t\t<div class='gallery-icon landscape'>\n\t\t\t\t<a href='http:\/\/julusesgabor.hu\/wp-content\/uploads\/Monaco_2.jpg'><img width=\"150\" height=\"150\" src=\"http:\/\/julusesgabor.hu\/wp-content\/uploads\/Monaco_2-150x150.jpg\" class=\"attachment-thumbnail size-thumbnail\" alt=\"\" loading=\"lazy\" aria-describedby=\"gallery-1-177\" \/><\/a>\n\t\t\t<\/div>\n\t\t\t\t<figcaption class='wp-caption-text gallery-caption' id='gallery-1-177'>\n\t\t\t\tMonaco\n\t\t\t\t<\/figcaption><\/figure><figure class='gallery-item'>\n\t\t\t<div class='gallery-icon landscape'>\n\t\t\t\t<a href='http:\/\/julusesgabor.hu\/wp-content\/uploads\/London.jpg'><img width=\"150\" height=\"150\" src=\"http:\/\/julusesgabor.hu\/wp-content\/uploads\/London-150x150.jpg\" class=\"attachment-thumbnail size-thumbnail\" alt=\"\" loading=\"lazy\" aria-describedby=\"gallery-1-174\" \/><\/a>\n\t\t\t<\/div>\n\t\t\t\t<figcaption class='wp-caption-text gallery-caption' id='gallery-1-174'>\n\t\t\t\tLondon\n\t\t\t\t<\/figcaption><\/figure><figure class='gallery-item'>\n\t\t\t<div class='gallery-icon portrait'>\n\t\t\t\t<a href='http:\/\/julusesgabor.hu\/wp-content\/uploads\/Els\u0151-Belfast.jpg'><img width=\"150\" height=\"150\" src=\"http:\/\/julusesgabor.hu\/wp-content\/uploads\/Els\u0151-Belfast-150x150.jpg\" class=\"attachment-thumbnail size-thumbnail\" alt=\"\" loading=\"lazy\" aria-describedby=\"gallery-1-173\" \/><\/a>\n\t\t\t<\/div>\n\t\t\t\t<figcaption class='wp-caption-text gallery-caption' id='gallery-1-173'>\n\t\t\t\tBelfast\n\t\t\t\t<\/figcaption><\/figure><figure class='gallery-item'>\n\t\t\t<div class='gallery-icon landscape'>\n\t\t\t\t<a href='http:\/\/julusesgabor.hu\/wp-content\/uploads\/Dublin.jpg'><img width=\"150\" height=\"150\" src=\"http:\/\/julusesgabor.hu\/wp-content\/uploads\/Dublin-150x150.jpg\" class=\"attachment-thumbnail size-thumbnail\" alt=\"\" loading=\"lazy\" aria-describedby=\"gallery-1-172\" \/><\/a>\n\t\t\t<\/div>\n\t\t\t\t<figcaption class='wp-caption-text gallery-caption' id='gallery-1-172'>\n\t\t\t\tDublin\n\t\t\t\t<\/figcaption><\/figure><figure class='gallery-item'>\n\t\t\t<div class='gallery-icon landscape'>\n\t\t\t\t<a href='http:\/\/julusesgabor.hu\/wp-content\/uploads\/Belfast_2.jpg'><img width=\"150\" height=\"150\" src=\"http:\/\/julusesgabor.hu\/wp-content\/uploads\/Belfast_2-150x150.jpg\" class=\"attachment-thumbnail size-thumbnail\" alt=\"\" loading=\"lazy\" aria-describedby=\"gallery-1-171\" \/><\/a>\n\t\t\t<\/div>\n\t\t\t\t<figcaption class='wp-caption-text gallery-caption' id='gallery-1-171'>\n\t\t\t\tLove in Belfast\n\t\t\t\t<\/figcaption><\/figure><figure class='gallery-item'>\n\t\t\t<div class='gallery-icon landscape'>\n\t\t\t\t<a href='http:\/\/julusesgabor.hu\/wp-content\/uploads\/Balatonaliga.jpg'><img width=\"150\" height=\"150\" src=\"http:\/\/julusesgabor.hu\/wp-content\/uploads\/Balatonaliga-150x150.jpg\" class=\"attachment-thumbnail size-thumbnail\" alt=\"\" loading=\"lazy\" aria-describedby=\"gallery-1-170\" \/><\/a>\n\t\t\t<\/div>\n\t\t\t\t<figcaption class='wp-caption-text gallery-caption' id='gallery-1-170'>\n\t\t\t\tBalatonaliga\n\t\t\t\t<\/figcaption><\/figure>\n\t\t<\/div>\n\n<p style=\"text-align: center;\"><a href=\"http:\/\/julusesgabor.hu\/?page_id=194\">\u00e9s m\u00e9g nagyon sok utaz\u00e1s v\u00e1r r\u00e1nk, de a k\u00f6vetkez\u0151 nagy utunk &#8220;Martonba&#8221; vezet &#8230;\u00a0<\/a><\/p>\n<p>&nbsp;<\/p>\n","protected":false},"excerpt":{"rendered":"<p>\u00e9s m\u00e9g nagyon sok utaz\u00e1s v\u00e1r r\u00e1nk, de a k\u00f6vetkez\u0151 nagy utunk &#8220;Martonba&#8221; vezet &#8230;\u00a0 &nbsp;<\/p>\n","protected":false},"author":1,"featured_media":0,"parent":2,"menu_order":0,"comment_status":"closed","ping_status":"closed","template":"","meta":[],"_links":{"self":[{"href":"http:\/\/julusesgabor.hu\/index.php?rest_route=\/wp\/v2\/pages\/187"}],"collection":[{"href":"http:\/\/julusesgabor.hu\/index.php?rest_route=\/wp\/v2\/pages"}],"about":[{"href":"http:\/\/julusesgabor.hu\/index.php?rest_route=\/wp\/v2\/types\/page"}],"author":[{"embeddable":true,"href":"http:\/\/julusesgabor.hu\/index.php?rest_route=\/wp\/v2\/users\/1"}],"replies":[{"embeddable":true,"href":"http:\/\/julusesgabor.hu\/index.php?rest_route=%2Fwp%2Fv2%2Fcomments&post=187"}],"version-history":[{"count":3,"href":"http:\/\/julusesgabor.hu\/index.php?rest_route=\/wp\/v2\/pages\/187\/revisions"}],"predecessor-version":[{"id":205,"href":"http:\/\/julusesgabor.hu\/index.php?rest_route=\/wp\/v2\/pages\/187\/revisions\/205"}],"up":[{"embeddable":true,"href":"http:\/\/julusesgabor.hu\/index.php?rest_route=\/wp\/v2\/pages\/2"}],"wp:attachment":[{"href":"http:\/\/julusesgabor.hu\/index.php?rest_route=%2Fwp%2Fv2%2Fmedia&parent=187"}],"curies":[{"name":"wp","href":"https:\/\/api.w.org\/{rel}","templated":true}]}}